mon divisor of w and 544.
17
Suppose -1196 = -9*z + 1324. Suppose 23*k - 41*k = -217 - 35. What is the highest common factor of k and z?
14
Let o = 12 + -7. Let g be (-1)/(-3)*(-49 - -55). Suppose 4*c + 59 = 6*k - 3*k, g*c = -3*k + 83. What is the highest common divisor of o and k?
5
Suppose -3*l + l - 90 = 4*g, 5*l = 25. Suppose 5*j = -2*d - 57, -j + 27 = -d - 5*j. Let b = g - d. Calculate the greatest common divisor of 24 and b.
6
Let h(d) = -219*d + 6048. Let p be h(27). Calculate the greatest common divisor of 7080 and p.
15
Let h(p) = 3*p**2 + 8*p - 10. Let r be h(8). Suppose 5*t + 0 = -2*v + 24, -5*t + 18 = 4*v. What is the highest common factor of r and t?
6
Let r(j) = j**2 - 2*j + 4. Let f be r(9). Suppose -f = -6*d + 77. Let g be d/16*(-44)/(-3). Calculate the greatest common divisor of 198 and g.
22
Let b = 2355 - 2190. Calculate the greatest common factor of 5 and b.
5
Let q(f) = 3*f**2 + 373*f - 1480. Let i be q(4). Let y(t) = t**3 - 25*t**2 + 33*t - 21. Let n be y(24). What is the highest common divisor of n and i?
15
Suppose -86*i = 96*i - 328434 + 68538. Calculate the greatest common factor of 108 and i.
12
Let w = 16800 - 16522. Calculate the greatest common factor of 23074 and w.
278
Let n(m) = m**3 + 7*m**2 - 59*m - 245. Let u be n(-10). Let h be ((-2)/(-3))/(1/270). What is the highest common divisor of h and u?
45
Let j(x) = 24*x - 79. Let h(u) = -u**2 - 23*u + 75. Let a(i) = -4*h(i) - 3*j(i). Let c be a(13). Calculate the greatest common factor of 9 and c.
9
Suppose x - i - 2*i - 11 = 0, -4*x = 3*i - 104. Let b(v) = -3*v**2 + 10 + 4*v**2 - 23*v + 1. Let c be b(x). Calculate the highest common factor of c and 33.
11
Let g(c) = 2*c + 7. Let u be g(0). Suppose -9*x + u*x + 330 = 0. What is the highest common divisor of 15 and x?
15
Let q(o) = o**3 - 9*o**2 - 20*o + 24. Let y be q(11). Calculate the greatest common factor of y and 759.
23
Suppose 167 = 3*z + 37 - 272. Calculate the highest common factor of 26800 and z.
134
Suppose 0 = 4*k + 84 + 204. Let i = k - -153. Suppose 4*c - 357 + 249 = 0. What is the highest common divisor of i and c?
27
Let k(z) = -20*z - 136. Let g(u) = -u**3 - 9*u**2 - 8*u - 11. Let m be g(-8). Let c be k(m). Calculate the greatest common divisor of c and 98.
14
Suppose 0 = 158*j - 154*j - 9356. Calculate the greatest common factor of j and 1.
1
Let k be (48/15)/(-8) + (-272)/(-5). Let s = 63 - k. Let g be 45/s*1/2*2. What is the greatest common divisor of g and 40?
5
Let z = 4736 - 4624. What is the greatest common divisor of 546 and z?
14
Suppose f - 57 = -2*f. Let z be 2/(-4)*(-1 - f). Suppose 0*k - 2*k + 392 = 5*x, -3*x + 252 = -3*k. What is the greatest common factor of z and x?
10
Let f(z) = -z - 23. Let j be f(-28). Suppose 5*v = 4*y - 8*y + 37, 4*v - 5*y - j = 0. Calculate the highest common divisor of v and 8.
1
Let s(o) = -o**2 + o + 75. Let u be s(9). Suppose 2*p = -u*v + 23 + 6, -v = -5*p - 38. What is the highest common factor of v and 156?
13
Let v be 126/(-36)*(1 - (-45)/(-21)). Suppose 4*a - 12 = 0, -a = 4*b - 16 - 3. What is the highest common factor of b and v?
4
Let m be (3/(-2) - 2)*-62. Let r(k) = 222*k - 1489. Let n be r(8). Suppose 12*v - m - n = 0. Calculate the greatest common factor of v and 14.
14
Let o = 4381 - 3037. Calculate the greatest common divisor of o and 256.
64
Let k = 33637 - 21864. Calculate the highest common factor of k and 61.
61
Let a(t) = 22*t**2 - 4*t + 10. Let d(l) = l**3 + 8*l**2 + 2*l + 18. Let m be d(-8). Let q be a(m). Calculate the highest common divisor of q and 45.
45
Suppose 165*u + 159*u - 110292 = 122988. Calculate the highest common factor of 225 and u.
45
Suppose -159*x = 54*x - 9585. Calculate the greatest common factor of 10845 and x.
45
Suppose 19*l = 27*l - 160. Calculate the greatest common factor of 2025 and l.
5
Suppose 12*h - 6785 = -221. Let i = -507 + h. What is the highest common divisor of 340 and i?
20
Let i(n) = 4*n - 9*n + 25*n**2 + 5*n. Let x be i(-1). Let w be (7 + -6 - 7) + 231. What is the greatest common divisor of w and x?
25
Suppose 3*b - 30792 - 7322 = -4*r, 63485 = 5*b - r. What is the greatest common factor of 28 and b?
14
Suppose 24*o + 448 = -66*o + 67408. Calculate the highest common factor of o and 16.
8
Let m(j) = j**3 - 2*j**2 + 3. Let f be m(0). Let u(w) = w**f + 28*w - 11*w + 14 - 15 - 9*w**2. Let o be u(7). What is the greatest common factor of o and 8?
4
Suppose -q - 2*q + 132 = 0. Let r(h) = 2*h + 4. Let n = 227 + -227. Let d be r(n). What is the highest common divisor of d and q?
4
Let w(f) = -11*f + 7. Let v be w(-3). Suppose -v*m = -50*m + 1500. What is the greatest common divisor of m and 100?
50
Let m = -584 + 588. Suppose 7*l - 11*l = y - 1277, m*y = -3*l + 5056. Calculate the highest common divisor of y and 97.
97
Let l be (-1 + -3 - -420)*(8 - 6). Calculate the highest common divisor of l and 156.
52
Suppose -53120 = 11046*s - 11710*s. Let w be ((-20)/(-3))/(2/9). Calculate the greatest common divisor of s and w.
10
Let k be (14040/18)/52 + -7. Suppose -2 - 82 = 4*q. Let b = q + 37. What is the greatest common factor of b and k?
8
Suppose -10*n - 7*n + 39 = -4*n. Let b(v) = -4*v - 2*v**3 - 4*v - 5 - 6*v**2 + 2 + v**3. Let x be b(-5). Calculate the greatest common factor of n and x.
3
Suppose -11*v + 13*v + 263 = 7*f, 2*f - 73 = v. What is the highest common factor of f and 533?
13
Let h = -2964 - -3120. What is the highest common factor of h and 3?
3
Let v be ((-7)/(-6 - -20))/((-8)/576). Suppose 0 = 4*f + 171 - 1395. Calculate the highest common divisor of f and v.
18
Suppose q - 2*z = 146, -q + 103 = -z - 42. Let t = q + -117. Calculate the highest common factor of t and 1.
1
Suppose -977254 + 317329 - 422987 = -86*l. What is the greatest common factor of 32 and l?
16
Let w(g) = -44*g - 388. Let t be w(-10). Calculate the greatest common divisor of 32500 and t.
52
Let f(r) = 35*r + 490. Let z be f(-10). What is the highest common divisor of 595 and z?
35
Let h(b) = -b**3 - 50*b**2 + 56*b + 263. Let z be h(-51). Calculate the greatest common divisor of z and 1384.
8
Let l = -2369 - -2383. Let h = 30 + -20. Calculate the highest common divisor of h and l.
2
Let c be (4 - -1)*2032/80. What is the highest common factor of 32004 and c?
127
Let u(c) = 161*c - 1103. Let m be u(7). Let o(i) = i**2 - 8*i + 8. Let b be o(6). Let x = b - -12. What is the greatest common divisor of m and x?
8
Let f be (-7 + (-442)/(-65))*-20 + 2321. Calculate the greatest common factor of 2232 and f.
93
Suppose -r + 5*f = 4*r - 30, -24 = -4*r + f. Suppose 3*v - 15 = c - 6*c, -2*c = 5*v - r. Calculate the greatest common divisor of 24 and c.
3
Let m(n) = -n**2 + 41*n - 78. Let d be m(38). Suppose -8 = -v - 3. Suppose -j + v*s + 159 = j, 4*j = 5*s + 303. Calculate the highest common divisor of d and j.
36
Let m = 88 + -79. Let r(i) = 3*i - 12. Let y(l) = -l + 6. Let a(j) = 4*r(j) + 10*y(j). Let q be a(3). What is the greatest common factor of q and m?
9
Let m(s) = 6 - 52 - 11*s - 131 + 9 - 84. Let h be m(-24). What is the highest common divisor of h and 222?
6
Let o be (-31 + 10556/84)/(1/12). Calculate the greatest common divisor of o and 497.
71
Suppose 18*c = 13*c + 110. Suppose -22 = -5*l + 5*h + 13, 0 = 2*l - 4*h - c. Suppose -l*x + 361 = 121. What is the highest common factor of x and 16?
16
Suppose 22*s - 31*s + 819 = 0. Let u = -87 + s. What is the greatest common divisor of u and 68?
4
Let c(g) = 4*g**2 - 8*g + 46 + 20 - 6. Let u be c(5). Suppose 5*h - 52 = -3*l, 4*l + 4*h = -h + 76. What is the highest common factor of l and u?
24
Let m = -61 + 77. Let y be 2 + (22*1 - (m - 17)). Let g(r) = r**3 - 24*r**2 - 25*r + 22. Let p be g(y). Calculate the highest common factor of 198 and p.
22
Let d(i) = 26*i + 36*i - 154 - 46*i. Let c be d(12). Calculate the highest common divisor of c and 133.
19
Suppose 103680 = 229*n - 148*n. Calculate the greatest common divisor of n and 112.
16
Let z = -185 - -311. Suppose 0 = 8*g - 18 - z. What is the highest common divisor of 36 and g?
18
Let m be 7/(28/16) - -15. Let j(i) = i**3 - 18*i**2 - 11*i - 74. Let u be j(m). Calculate the highest common factor of 24 and u.
6
Let b be (-4 - 1)*6/(-5). Let q(r) = 9*r - 50. Let m be q(b). Suppose 4*n - 3*i = 145, -m*n - 4*i + 185 = i. Calcu